Suppose -5*s = 4*w, -d*s - 4*w - w - 5 = 0. What is the tens digit of -51*s/24*-4?
3
Let j = 29 - 27. Suppose 0 = -3*m + 3*a + 459, -451 = -3*m + j*a + 3*a. Suppose 0 = -8*l + m + 819. What is the units digit of l?
2
Let q = 344 - 347. Let w(s) = 22*s**2 + 3*s - 2. What is the tens digit of w(q)?
8
Suppose g = -z + 7, -71 + 54 = -3*z - g. Suppose -f - 2*f - z*l + 657 = 0, -3*l = -5*f + 1129. What is the tens digit of f?
2
Suppose 21*k + 69*k - 417600 = 0. What is the thousands digit of k?
4
Let d(i) = 6*i - 44. Let g be d(9). What is the tens digit of -1 + (-123*g)/(-3)?
0
Suppose -9*w + 46*w = 153*w - 4575968. What is the units digit of w?
8
Let o(b) = -9*b + 6*b + 15*b + 10. Let h(i) = -11*i - 10. Let d(q) = -6*h(q) - 5*o(q). What is the units digit of d(10)?
0
Suppose 0 = 3*z + z + 3*w + 1065, 5*z + w = -1334. Let v = z - -926. Suppose -r - 4*r = -o - 653, -5*r - 2*o = -v. What is the units digit of r?
1
Let h = -185 + 327. Let a = -53 + h. What is the units digit of a + (-1 - (-2 - 3))?
3
Suppose 12409 = 29*a - 248272. What is the tens digit of a?
8
Let j(m) = -19*m - 83. Let f be j(-4). Let t(c) = 10*c**2 - 27. What is the hundreds digit of t(f)?
4
Let v = 482 - 891. Suppose -24320 = -207*s + 99052. Let h = s + v. What is the hundreds digit of h?
1
Let g be (20/(-12))/5 - 8/(-24). Suppose g = -5*a - 2*i + 5*i + 3883, 0 = -2*i + 8. What is the tens digit of a?
7
Let d be 1624/840 + 2/30. Suppose -w - 2*p - 2057 = -4*w, d*w - 1382 = 4*p. What is the tens digit of w?
8
Suppose -1162 - 1158 = -16*v. What is the tens digit of -26*(v/(-10) + -3)?
5
What is the units digit of 3/(2772/56) - (-445498)/33?
0
Let h = 295 + -292. Suppose -2*q + 2414 = h*z, -q + 5*z = -1572 + 391. What is the thousands digit of q?
1
Suppose 2*m - 7*z + 2*z = -256, -358 = 3*m - z. Let s = -36 - m. Let w = s - 13. What is the tens digit of w?
6
Suppose x + 355 = i, -9*i + 12*i = 5*x + 1075. Let d = 746 - i. What is the hundreds digit of d?
3
Let x be (-2)/5 - (-22)/55. Suppose o = -x*o + 6. Let h(w) = w**3 - 6*w**2 + 3*w - 12. What is the units digit of h(o)?
6
Suppose -3415*f = -3*h - 3416*f + 165524, -275906 = -5*h + 3*f. What is the ten thousands digit of h?
5
Let m(s) = -249*s + 9990. What is the ten thousands digit of m(-55)?
2
What is the tens digit of ((-35)/2)/(458/(-643948))?
0
Let j = -34789 - -77149. What is the hundreds digit of j?
3
Let k(s) = s**2 - 8*s + 8. Suppose 4*p - 3*x = p - 21, -5*x + 2 = -2*p. Let o be k(p). Suppose 5*w - o - 168 = 0. What is the tens digit of w?
7
Let j(g) = 25 + 72*g**2 - 141*g**2 + 71*g**2 + 60*g. What is the hundreds digit of j(15)?
3
Let d(l) = 6*l**3 - 6*l**2 + 7*l - 1. Let q be d(1). What is the tens digit of q/39 - 134064/(-117)?
4
Suppose 2*a - 4 - 4 = 0. Suppose -76*u = -78*u + a. Suppose -278 = -u*n + 258. What is the units digit of n?
8
Let w(q) = -730*q + 2365. What is the ten thousands digit of w(-34)?
2
Suppose 5*o - a - 19 = 0, 3*o - 8*o + 21 = a. Suppose 189 = o*w - 1319. What is the units digit of w?
7
Let m(g) = -1263*g**3 + 15*g**2 + 27*g - 7. What is the thousands digit of m(-3)?
4
Suppose 0 = 6*h - 154 - 98. Let x be 21/h + (606/(-4))/(-3). Suppose x - 9 = 2*n. What is the tens digit of n?
2
Let j = 81 + -83. Let x be ((-3)/(-4))/(j/704). What is the units digit of 3 - -1 - (-2 + x/4)?
2
Let q(p) = p**3 - 5*p**2 + 3*p + 2. Let w be q(4). What is the units digit of (-9239)/(-7) + w/(-14)?
0
Let c be (3 + -1)/((-19)/(8265/6)). Let v = 376 + c. What is the hundreds digit of v?
2
Let p = 239 - -50. Let n = 606 - p. What is the hundreds digit of n?
3
Let l = 45 + -44. Suppose w - l = 2*w. Let d(f) = -51*f**3 + f**2 + 2*f. What is the units digit of d(w)?
0
Let s be (0 - 44/8)*-2. Let u be (-420)/(-110) + 2/s. Suppose -2*d + 158 = 4*r, -d = d - u*r - 190. What is the tens digit of d?
8
What is the units digit of (-6)/27*(-2)/(-4) + (-1760139)/(-81)?
0
Let i(b) = -3 - 4 + 10 - 1 - 9*b - 6*b**2 - b**3. Let z be i(-3). What is the tens digit of 43*-3*(-2)/z?
2
Let w = -39 + 48. Let y = 3 - w. Let p(l) = -17*l + 5. What is the tens digit of p(y)?
0
Suppose -155*j = -796968 - 558553 + 112266. What is the thousands digit of j?
8
Suppose -31486 = -z - 5*u, 125921 = 13*z - 9*z - 3*u. What is the thousands digit of z?
1
Let c = -81 + 122. Let f = c + -54. Let b = 37 + f. What is the units digit of b?
4
Let p = -4605 + 7538. Suppose -p = -5*a - h, -25 - 568 = -a + 3*h. What is the units digit of a?
7
Suppose n + 3898 = -3*u + 15209, -n + 2*u = -11301. What is the ten thousands digit of n?
1
Let z(r) = -419*r + 2073. What is the thousands digit of z(-15)?
8
Suppose 0 = 3*j - 3*u + 306, 4*u = -2*j + 66 - 282. Let x = j + 161. What is the units digit of x?
7
Let p(d) be the second derivative of d**4/12 - d**3/6 - 3*d**2 + 11*d. Let h be p(0). What is the units digit of 815/10 - (-3)/h?
1
Suppose 4*b + 0*b = 21*b. Suppose b = 12*l - 21*l + 2961. What is the tens digit of l?
2
Let z(b) = -b**2 - 37*b - 210. Let c be z(-7). Suppose 0*i - o + 2062 = 2*i, -o - 4 = c. What is the hundreds digit of i?
0
Let c(w) = -w**3 - 20*w**2 - 18*w + 22. Let i be c(-19). Suppose -i*z + 798 = -477. What is the units digit of z?
5
Let d(l) = -517*l + 3135. What is the units digit of d(-26)?
7
Suppose 9 = -2*x + 17. Let w(b) = -9 + 2*b**2 - x - 7 - b**2 + 14*b. What is the units digit of w(10)?
0
Let h(b) = 2*b**3 + 17*b**2 + 38*b - 20. Let c(o) = 2*o**3 + 18*o**2 + 34*o - 19. Let w(p) = -7*c(p) + 6*h(p). What is the hundreds digit of w(-12)?
1
Let y be (-47)/(-1) - 1*12/(-4). Suppose -g + 7 = 13. Let x = g + y. What is the units digit of x?
4
What is the hundreds digit of 8026 - (2/(-1) + 3)?
0
Suppose 4*r + 400 + 497 = m, -5*r = -2*m + 1800. Suppose -5*s = -4*c + m, 4*c = -2*s + 1124 - 226. What is the tens digit of c?
2
Let f(r) = -5*r + 58. Let s be f(13). Let t = 436 - s. What is the units digit of t?
3
Let j = -5255 + 11230. What is the hundreds digit of j?
9
Let o = -2251 + 3370. What is the hundreds digit of o?
1
What is the tens digit of 2782/3*(-270)/(-180)?
9
Let q = -6531 - -41117. What is the ten thousands digit of q?
3
Suppose 0 = 2*f - 6*f - 36. Let w be 673/f + (-2)/9. Let g = w + 203. What is the hundreds digit of g?
1
Let n be ((-16)/(-24))/((-2)/114). Let f = -38 - n. What is the units digit of (1 + f)/((-1512)/(-1506) - 1)?
1
Let r(y) = 23*y + 248. Let n be r(-14). Let m = -22 + 100. Let s = m - n. What is the units digit of s?
2
Suppose -2*z = -4*f + 50, -4*f - 5*z + 17 - 2 = 0. Suppose -f*j - 2416 = -12*j - 5*y, 2*j - y = 2404. What is the hundreds digit of j?
2
Suppose -19*w + 1095703 = 657829 - 811395. What is the ten thousands digit of w?
6
What is the units digit of -16 + (-1407)/21*-225?
9
Let j = -74 + 74. Let m be j - 14589/(-24) - (-3)/24. Suppose -3*s + 7*s + b = m, -4*s + 584 = -5*b. What is the hundreds digit of s?
1
Suppose -r + 5029 = 5*y - 3*y, -5*y - 5*r + 12580 = 0. Suppose -8*d + y + 2431 = 0. What is the tens digit of d?
1
Suppose -5*a + 3875 = 3*z, 56 - 824 = -a - 2*z. Let w = a - 166. What is the units digit of w?
2
Suppose 123 + 197 = 10*u. Suppose -u*t - 1906 = -34*t. Suppose 0 = -12*o + 2321 - t. What is the hundreds digit of o?
1
What is the thousands digit of (-2749)/((-3)/8*(-388)/(-291))?
5
Suppose -7395 = -2*d + 5*x, 28*x - 3696 = -d + 29*x. What is the thousands digit of d?
3
Let d = 6129 - 3224. Suppose 6*c + 5*w = 3*c + 1727, -5*w - d = -5*c. What is the units digit of c?
9
Suppose -8 = 5*n - 3. Let i be 325/(-13) - (-2 + (1 - n)). Let l = 85 + i. What is the units digit of l?
0
Let n(w) = -1234*w + 856. What is the tens digit of n(-2)?
2
Suppose 7*r + 6 = 8*r. Suppose 2*g + r = -14. What is the units digit of (-862)/g + 44/55?
7
Let t(f) = -63 + 5*f + 75 + 0*f - f**3 - 10*f**2. Let k be t(-11). What is the tens digit of 554/6 - (-4 + k/18)?
9
Suppose -4*f + 72395 = 5*q, 4*q - 3*f - 64235 = -6319. What is the units digit of q?
9
Suppose -k = 2*i - 7*i - 4, 3*i + 10 = k. Let j = k - 19. Suppose t + 2*m - 105 = j, 4*t - 322 - 63 = -m. What is the units digit of t?
5
Suppose 2*y + 5*j + 1938 = 14535, -2*y = 3*j - 12587. What is the thousands digit of y?
6
Let m(v) = -v**2 + 257*v + 282. What is the ten thousands digit of m(78)?
1
Suppose -46 = -5*a + p + 3*p, 0 = 3*a - p - 29. What is the units 